 v**3 + 10*v**2 + 1022*v + 12183. What is p(-12)?
-369
Let u(h) = h**3 + 60*h**2 - 2705*h - 39. Calculate u(30).
-189
Let k(a) = 1095*a - 125968. Give k(115).
-43
Let y(k) = -4220*k + 190092. Give y(45).
192
Let i(d) = -d**3 + 12*d**2 + 2083*d + 55. Give i(-40).
-65
Let i(k) = 193*k**2 + 145*k + 2. What is i(-1)?
50
Let l(z) = -2*z**3 + 16*z**2 - 49*z - 41. What is l(4)?
-109
Let q(t) = -t**3 + 242*t**2 - 1356*t + 40550. Calculate q(237).
23
Let u(n) = 2*n**3 + 679*n**2 + 308*n - 10443. Determine u(-339).
66
Let i(o) = -2999*o - 62985. What is i(-21)?
-6
Let g(h) = -1326*h**2 + 74261*h - 285. Determine g(56).
-5
Let j(y) = 17*y**2 - 4521*y - 18632. Give j(270).
-2
Let b(d) = d**3 + 10*d**2 + 15*d - 67. Determine b(-6).
-13
Let c(a) = 139*a**2 + 37809*a + 267. Determine c(-272).
-5
Let r(p) = 7614*p - 30297. Determine r(4).
159
Let y(p) = -p**3 - 42*p**2 - 163*p - 13403. Calculate y(-45).
7
Let b(m) = 396*m**2 - 27311*m - 938. What is b(69)?
-41
Let r(y) = -y**2 + 9*y + 33665. Calculate r(-179).
13
Let m(p) = p**2 + 13*p - 616. Give m(25).
334
Let s(j) = -4024*j + 16142. Give s(4).
46
Let f(m) = 1240*m - 173439. Calculate f(140).
161
Let o(u) = -2*u**3 + 940*u**2 - 83*u + 38987. Calculate o(470).
-23
Let g(t) = -3*t**2 + 109*t - 771. Determine g(6).
-225
Let w(y) = -73*y**3 - 239*y**2 + 92*y + 309. Calculate w(-3).
-147
Let v(o) = -9148*o**2 + 137228*o - 107. Calculate v(15).
13
Let z(y) = -32*y**2 + 464*y + 1237. Calculate z(17).
-123
Let s(b) = -2*b**2 - 26*b - 689. Determine s(-16).
-785
Let q(p) = 13044*p + 8622091. Give q(-661).
7
Let y(g) = -5*g**2 - 377*g + 117231. Determine y(120).
-9
Let l(j) = j**3 + 67*j**2 + 542*j - 193. What is l(-57)?
1403
Let p(b) = 181*b + 12904. What is p(-70)?
234
Let g(o) = 21*o**3 + 34*o**2 - 145*o + 111. Determine g(1).
21
Let m(i) = 3*i**3 + 8*i**2 - 279*i - 32. Determine m(-11).
12
Let s(r) = 3*r**3 + 121*r**2 - 834*r + 769. Calculate s(5).
-1
Let z(v) = v**3 - 200*v**2 + 973*v + 380. What is z(195)?
-10
Let z(y) = -2*y**3 + 34*y**2 + 105*y - 28. What is z(-3)?
17
Let o(n) = -7*n**3 + 133*n**2 - 9*n + 205. Give o(19).
34
Let s(z) = 5203*z + 31519. Determine s(-6).
301
Let y(h) = h**2 - 356*h + 31422. Determine y(162).
-6
Let z(s) = -6*s**2 - 235*s - 239. What is z(-38)?
27
Let c(i) = 11*i**2 + 245*i + 1423. What is c(-10)?
73
Let j(l) = -l**3 - 252*l**2 + 5312*l + 1338651. Determine j(-252).
27
Let w(v) = 704*v - 2716. Give w(3).
-604
Let l(n) = -3*n**3 + 38*n**2 - 42*n + 189. Give l(12).
-27
Let d(z) = 215*z**2 - 452*z + 9. Calculate d(2).
-35
Let f(v) = -9*v**2 + 460*v - 3165. What is f(43)?
-26
Let i(u) = -u**3 - 18*u**2 + 318*u + 39. What is i(-29)?
68
Let w(v) = -20113*v + 1206764. Give w(60).
-16
Let z(v) = -580*v - 20296. Determine z(-35).
4
Let z(w) = -2*w**3 - 61*w**2 - 328*w - 410. What is z(-4)?
54
Let j(o) = -2*o**2 + 114*o - 473. Determine j(57).
-473
Let n(j) = 57*j**2 + 340*j + 439. Calculate n(-2).
-13
Let w(i) = 43549*i + 1437105. Calculate w(-33).
-12
Let u(p) = -3384*p**2 + 37218*p + 54. Calculate u(11).
-12
Let j(q) = 626*q**2 + 48*q + 75. Give j(-2).
2483
Let v(c) = -9*c + 633. What is v(70)?
3
Let w(r) = -2*r**3 + 29*r**2 + 7271*r - 108855. Give w(15).
-15
Let w(o) = 21762*o + 217618. What is w(-10)?
-2
Let l(q) = 935*q + 14027. Determine l(-15).
2
Let x(d) = d**3 - 164*d**2 + 6294*d - 1079. What is x(103)?
54
Let u(n) = 3*n**2 + 7055*n + 14112. What is u(-2)?
14
Let j(a) = -a**2 - 59*a + 63851. What is j(226)?
-559
Let f(w) = -6*w**2 + 1965*w - 4219. Determine f(324).
2585
Let t(a) = -58266*a + 1281777. Calculate t(22).
-75
Let k(b) = -b**3 - 863*b**2 - 7608*b + 5. Give k(-9).
-697
Let w(v) = v**2 + 2177*v - 1785638. Calculate w(635).
-18
Let i(c) = 188*c**2 + 3710*c - 988. Give i(-20).
12
Let t(r) = -99*r + 20238. What is t(202)?
240
Let i(u) = -6*u**2 + 24*u + 4554. Calculate i(29).
204
Let i(x) = x**2 - 205*x - 96063. Determine i(-224).
33
Let m(q) = 63084*q - 442716. Give m(7).
-1128
Let i(q) = -2*q**3 - 339*q**2 + 1822*q - 391. What is i(5)?
-6
Let s(r) = -r**3 - 928*r**2 + 18929*r - 29384. Give s(-948).
4
Let b(x) = -343*x**2 - 30288*x - 9155. Determine b(-88).
-3
Let s(c) = -9*c**2 - 35521*c - 741977. What is s(-21)?
-5
Let y(p) = 358159*p + 2507134. What is y(-7)?
21
Let p(u) = -u**2 - 675796*u - 5406298. Calculate p(-8).
6
Let z(q) = -46*q**2 - 308*q - 277. Calculate z(-8).
-757
Let h(l) = l**2 - 378*l + 34939. What is h(226)?
587
Let b(x) = 1830701*x - 1830684. Calculate b(1).
17
Let f(l) = 18086*l + 162813. Give f(-9).
39
Let w(x) = 1736*x - 27703. What is w(16)?
73
Let q(k) = k**2 - 44704*k - 447139. Calculate q(-10).
1
Let q(m) = -50*m**3 + m**2 + 222*m - 443. What is q(2)?
-395
Let o(l) = -38*l**3 - 98*l**2 + 80*l + 182. Calculate o(-2).
-66
Let n(o) = 4*o**3 - 54*o**2 - 3183*o + 44145. Calculate n(14).
-25
Let k(n) = n**3 + 197*n**2 + 1491*n - 3960. Calculate k(-189).
9
Let m(y) = y**3 - 13*y**2 - 661. Determine m(14).
-465
Let x(v) = -v**3 + 113*v**2 + 358*v + 317. Give x(116).
1477
Let p(n) = -141626*n + 283379. Give p(2).
127
Let p(d) = 26*d**3 + 3*d**2 - 23*d - 36. Determine p(0).
-36
Let b(y) = 12*y**3 + 33*y**2 + 220*y - 2. Give b(-5).
-1777
Let t(v) = -64*v**2 + 53*v - 185. Give t(4).
-997
Let c(v) = -611*v - 1421. What is c(-3)?
412
Let x(a) = 4106*a - 127669. Calculate x(31).
-383
Let s(r) = -r**3 + 240*r**2 - 13775*r - 121. What is s(95)?
-121
Let t(z) = 11187674*z + 5. What is t(0)?
5
Let y(f) = 51*f**3 - 56*f**2 + 129*f - 54. Give y(2).
388
Let a(q) = 81431*q - 407298. Calculate a(5).
-143
Let o(g) = -2*g**3 - 128*g**2 + 843*g - 22. Give o(6).
-4
Let j(o) = o**3 - 23*o**2 - 543*o + 11888. What is j(26)?
-202
Let w(d) = -35*d**2 + 338*d + 1047. Give w(12).
63
Let j(f) = f**3 + 6*f**2 - 610*f - 146. What is j(22)?
-14
Let q(v) = v**2 - 94*v - 78373. Give q(-237).
74
Let l(t) = -100*t**2 - 2986*t + 40. What is l(-30)?
-380
Let q(g) = 2*g**3 + 74*g**2 + 724*g - 52. Determine q(-19).
-812
Let h(u) = -58522*u + 58574. What is h(1)?
52
Let b(y) = -7*y**3 + 1212*y**2 - 172*y - 1068. Calculate b(173).
-895
Let w(o) = -3*o**2 - 45*o + 586. Calculate w(16).
-902
Let t(g) = -g**3 + 82*g**2 - 301*g - 717. Give t(78).
141
Let u(f) = -8*f**3 + 620*f**2 - 945*f + 326. Calculate u(1).
-7
Let n(a) = a**3 - 172*a**2 - 7973*a - 1491. Give n(210).
-21
Let b(w) = -9*w**3 + 1668*w**2 + 2792*w + 2424. What is b(187)?
-7
Let x(i) = -5767*i - 392153. Determine x(-68).
3
Let n(a) = -a**2 - 201*a + 41667. Determine n(127).
11
Let s(a) = 12*a**2 - 35*a - 6084. What is s(24)?
-12
Let f(s) = -2*s**2 + 1456*s + 3246255. Give f(1689).
-3
Let r(n) = -n**3 - 59*n**2 + 375*n - 969. Give r(-65).
6
Let c(a) = -4*a**3 - 1337*a**2 - 327*a + 2084. Determine c(-334).
-254
Let j(p) = -53*p**2 + 1344*p + 1392. Give j(-1).
-5
Let o(u) = 79294*u - 475770. Give o(6).
-6
Let m(k) = -449*k + 22442. Give m(51).
-457
Let t(l) = 443*l - 43403. Give t(98).
11
Let k(r) = 9642*r - 134989. Calculate k(14).
-1
Let y(r) = 31*r**3 - r**2 - 201*r + 400. What is y(2)?
242
Let h(r) = -2246*r + 71621. Determine h(32).
-251
Let i(s) = -13339*s + 106683. Give i(8).
-29
Let o(k) = -38839*k - 6058880. Determine o(-156).
4
Let h(b) = 6*b - 297. Give h(37).
-75
Let j(q) = 7230*q - 79328. Determine j(11).
202
Let u(d) = 2*d**2 + 17*d - 643. What is u(-21)?
-118
Let f(y) = -y**3 - 49*y**2 + 2705*y + 31. What is f(33)?
-2
Let p(b) = b**3 + 154*b**2 - 30*b - 3524. Calculate p(-154).
1096
Let s(x) = -918569*x + 5511417. Determine s(6).
3
Let c(s) = 101*s - 15114. What is c(151)?
137
Let k(i) = 354*i - 72191. Calculate k(203).
-329
Let p(o) = -3*o**3 - 72*o**2 - 704*o + 44. Give p(-12).
3308
Let x(t) = -482636*t + 20270742. Calculate x(42).
30
Let o(b) = 485*b + 128513. What is o(-265)?
-12
Let h(n) = -5*n**2 + 154*n - 872. Give h(23).
25
Let f(l) = 445*l - 14193. Determine f(32).
47
Let x(z) = 5*z**3 - 4*z**2 - 1133*z - 2259. Give x(-2).
-49
Let j(h) = -h**2 + 86*h - 487. Calculate j(6).
-7
Let r(n) = n**3 + 17*n**2 - 49*n - 968. Give r(-11).
297
Let s(o) = -38*o + 13098. What is s(345)?
-12
Let v(j) = -414*j + 15998. What is v(45)?
-2632
Let p(n) = -n**2 + 118*n - 300. Give p(14).
1156
Let w(o) = o**3 + 43*o**2 + 8*o + 2626. What is w(-44)?
338
Let i(b) = b**3 + b**2 + 2720*b - 8192. Determine i(3).
4
Let q(t) = -9*t**3 - 